 and g?
4
Let p(h) = -h**2 + 11*h - 10. Let c be p(7). Suppose m - c = -7. Calculate the highest common factor of 11 and m.
11
Let l = 58 - 37. Suppose -2*o - 6*d + d = -69, 3*o + 4*d - 93 = 0. Let q be (-1)/(-2) + o/2. Calculate the highest common factor of q and l.
7
Let v(h) = 27*h**2 - 2*h + 1. Let b be v(1). Let w(m) = -m**2 + 2*m + 1. Let l be w(3). Let n be l*39/(-6) + 0. Calculate the highest common divisor of b and n.
13
Suppose 3*f - z = -6*z + 183, -2*z = -4*f + 218. Suppose -x + f = 2*x - 4*u, 3*x - 2*u = 46. Calculate the highest common divisor of 132 and x.
12
Let s = 81 + -65. Calculate the highest common divisor of 80 and s.
16
Suppose -2*b + 208 = -242. Calculate the greatest common factor of b and 90.
45
Let o(i) = -i**2 - 13*i - 5. Let c be o(-12). Let m = 3 - -4. What is the highest common factor of c and m?
7
Let h = 48 + -20. What is the highest common divisor of 28 and h?
28
Let g be -3 - (-3)/((-3)/2). Let z = g + 5. Suppose z = 2*s - 45 - 35. Calculate the greatest common factor of 20 and s.
20
Let b = 3 + 1. Let a be 2/b*36/3. Suppose 5*r - 181 = 59. What is the greatest common factor of a and r?
6
Suppose 4 = m - 0. Let x(j) = 32*j**2 - j - 1. Let o be x(-1). Suppose 5*b - u + m*u = 42, -4*b - 4*u + o = 0. Calculate the highest common factor of b and 27.
9
Suppose 3*l = -0*l + 15. Calculate the highest common divisor of l and 45.
5
Let o = 10 - 8. Suppose 30 = 2*z - o. What is the highest common factor of 128 and z?
16
Suppose m = -2*n + 265, -3*m + 4*n + 184 = -661. What is the greatest common divisor of m and 25?
25
Suppose -5*f + 0*f = 20. Let p be (-3)/((6/f)/(-1)). Let d be ((-2)/4)/(p/4). What is the greatest common factor of 1 and d?
1
Suppose 0 = -j - 3*j + 28. Calculate the highest common factor of j and 77.
7
Let z(h) = h**3 + 3*h**2 - 2*h - 1. Suppose -3*t - 12 + 3 = 0. Let j be z(t). Suppose -j*k = -2*k - 21. Calculate the greatest common divisor of 14 and k.
7
Suppose -3*n - 2*n + 100 = 0. What is the highest common factor of 20 and n?
20
Let y = 4 + -14. Let q = -6 - y. Suppose 0 = q*j - 0*j - 432. Calculate the highest common divisor of 12 and j.
12
Let v = 3 - 0. Let d = 6 - v. Let u = 10 - -17. What is the greatest common divisor of d and u?
3
Let u(o) = o**3 + 5*o**2 - 2*o. Let p be u(-5). What is the greatest common divisor of p and 5?
5
Suppose -z = 4*z + 35. Let u be z/2*2 + -1. Let q be ((-10)/u)/(5/20). What is the greatest common divisor of 25 and q?
5
Let l(x) = -3*x + 2*x + 7*x**2 - x**2. Let c be l(-1). What is the greatest common divisor of c and 7?
7
Let m be 10 + (0/(-2))/1. Calculate the highest common factor of 20 and m.
10
Suppose 6*l - l = 1080. Calculate the greatest common divisor of l and 8.
8
Let y be (-3)/(6/4) - -9. Suppose -k = -1 - y. What is the greatest common factor of k and 72?
8
Let z(i) = i - 4. Let o be z(6). Suppose 0 = -o*t + 3*f + 87, 5*f + 4 = 29. Let g = -16 + t. What is the highest common factor of g and 14?
7
Let y(l) = -3*l - 4. Let m be y(-5). Let s(u) = 3*u**2 + u + 1. Let w be s(-2). Calculate the highest common factor of m and w.
11
Let d(q) = 2*q**2 - 5*q - 6. Let p be d(-1). What is the highest common divisor of 9 and p?
1
Suppose 2*r + 0*s = -2*s + 14, -4*r + 3*s = -42. Let q = r + -5. Suppose 4*d + 5*v + 4 = 36, q*v - 10 = -2*d. What is the highest common divisor of 52 and d?
13
Suppose 80 = 5*a - a. Calculate the greatest common factor of a and 10.
10
Let g = 51 - 33. Let d(f) = -f**2 + 9 - 24*f + 3*f**2 - 3*f**2 + 8*f. Let n be d(-9). What is the greatest common factor of g and n?
18
Let l(v) = -2*v + 2. Let i be l(-6). What is the highest common factor of i and 14?
14
Suppose -3*f + 110 = -f. Suppose 0 = 3*x + x - 44. What is the highest common factor of f and x?
11
Let t(d) = -d + 7. Let g be t(11). Let h be 0 + 3/(-6)*g. What is the highest common divisor of h and 1?
1
Let y(j) be the first derivative of 4*j**3/3 - j**2/2 - j + 1. Suppose 0*c - 1 = c. Let l be y(c). Calculate the highest common divisor of 36 and l.
4
Let w = 70 + -47. Let r be (-1 + -1)/(10/25). Let f = w + r. What is the greatest common factor of f and 12?
6
Suppose 3*y - 23 - 16 = 0. Suppose 5*r - 4*v = 127, 3*v - 20 - y = -r. What is the highest common divisor of r and 297?
27
Let n be 3/(-2)*104/(-6). Let d = 132 - 67. Calculate the greatest common factor of n and d.
13
Let w = 37 - 25. Suppose 4*c = 2*c + w. Suppose 0 = -5*a + 3*l + l + 18, -2*a + 24 = 4*l. Calculate the highest common divisor of c and a.
6
Suppose -4*m = 0, m = 4*a - 182 + 30. What is the greatest common divisor of 19 and a?
19
Let u = 3 + 17. Suppose -5*a = -5 - u. Calculate the greatest common divisor of 1 and a.
1
Suppose q + 15 = 5*m + 2*q, 3*m - 5*q = 9. Suppose m*h + 3 = 2*o, 2*h - 5*h + 9 = 0. Calculate the greatest common factor of 12 and o.
6
Let a = 41 - 33. Calculate the highest common divisor of 64 and a.
8
Suppose -2*w - 245 = 3*w. Let f = 186 + w. Let y = -42 + f. Calculate the greatest common factor of 19 and y.
19
Let t = 2 + 1. Suppose -t*j + 128 = j. What is the greatest common divisor of 8 and j?
8
Suppose 7*i - 90 = 2*i. Calculate the greatest common factor of 18 and i.
18
Let y = 139 - 83. Calculate the greatest common factor of 14 and y.
14
Suppose d - y = -0*y + 116, -5*d = -y - 564. What is the greatest common factor of d and 7?
7
Let v(k) = k**2 + 11*k + 15. Let z be v(-11). What is the highest common factor of z and 6?
3
Suppose 3*k = 4 + 2. Let x be (-6)/21 + 46/14. What is the greatest common divisor of x and k?
1
Let n = 9 - -1. Suppose 0*h - 10 = -h. What is the greatest common factor of n and h?
10
Let v(i) = 2*i**2 + 3*i - 8. Let x be v(-5). Calculate the highest common factor of 18 and x.
9
Let c be (-3 - 0) + (75 - (3 - 0)). What is the highest common divisor of 23 and c?
23
Let y = -13 + 23. Let i be (-3)/6*-7*y. Suppose -2*r = -4*l + 46, 0 = 2*l - 3*r + 2 - i. What is the highest common divisor of l and 9?
9
Suppose -n = -2, 5*y = -n - n - 501. Let v = y - -145. What is the greatest common factor of v and 4?
4
Suppose -5*v - 2*c + 1305 = -7*c, 0 = 3*v + 4*c - 804. Calculate the highest common factor of 24 and v.
24
Suppose -15*c + 29 + 46 = 0. Suppose 2*m + 5*k = 30 - 3, -3*m - 4*k + 23 = 0. What is the highest common divisor of c and m?
1
Suppose -4*f = 2*c, -3*c = -8*c - 3*f + 7. Suppose 2*z - 36 = -c*z. Suppose -9 = 29*d - 32*d. Calculate the greatest common factor of z and d.
3
Let z be (198*(-2)/(-2))/2. Calculate the highest common factor of z and 66.
33
Suppose -13*r = -8*r - 75. What is the greatest common divisor of 75 and r?
15
Let q be 3*1*(-136)/(-3). Let c be 3 + 3 + 55/5. What is the greatest common divisor of c and q?
17
Suppose -13*i = 6*i - 95. Calculate the highest common factor of i and 85.
5
Let k be 7 - 6/(-3) - 4. Suppose 4*f + 255 = 5*l, -l + f + 57 = 7. Calculate the highest common divisor of l and k.
5
Let r be (10 + -4 + -246)*(-4)/5. Calculate the greatest common factor of 24 and r.
24
Suppose -n - 3*h - 50 = 4*n, 0 = 5*n - 4*h + 15. Let d = -4 - n. Suppose -4*q = -d*m + 49, -2*m + q = -2*q - 33. What is the greatest common divisor of 3 and m?
3
Let n be (10/4)/(-5)*-2. Suppose l + q = n, -4*q + 26 - 76 = -5*l. Let v be l + -5 - (-10)/1. What is the highest common divisor of v and 44?
11
Let z = 14 - 4. Suppose -4*w + 122 + 54 = 4*a, 0 = 5*a + 3*w - 220. Let l = a + -29. Calculate the highest common divisor of z and l.
5
Let k(f) = -10*f**3 + f + 1. Let a be k(-1). Let r = a - 7. Calculate the highest common divisor of r and 9.
3
Let t be (-3*(-20)/(-3))/(-1). Calculate the highest common divisor of 4 and t.
4
Suppose -39 = -7*k + 73. What is the highest common divisor of k and 64?
16
Let n be (-2 + 46/(-1))*-1. Let d(i) = -12*i - 18. Let l be d(-2). What is the highest common divisor of l and n?
6
Suppose -f + 16 = -4. What is the highest common divisor of 180 and f?
20
Let x be 3/((-4)/((-52)/3)). Calculate the greatest common factor of x and 13.
13
Suppose -c = -2*c + 140. Let p(b) = b + 13. Let h be p(-10). Suppose h*g + 52 = 2*d, 4*g - 44 = d - 4*d. Calculate the highest common factor of d and c.
20
Suppose 2*s + 0*a + 4*a = 32, -s + 14 = 4*a. Let o = -13 + 22. What is the highest common divisor of o and s?
9
Suppose -2 = -v + 50. Suppos